{"id":8,"date":"2020-04-12T06:20:17","date_gmt":"2020-04-12T06:20:17","guid":{"rendered":"https:\/\/hochzeit.dj\/?page_id=8"},"modified":"2020-04-12T06:32:51","modified_gmt":"2020-04-12T06:32:51","slug":"startseite","status":"publish","type":"page","link":"https:\/\/hochzeit.dj\/","title":{"rendered":"Hochzeits DJ"},"content":{"rendered":"\n<p><strong>Sie suchen einen passenden Hochzeits DJ f\u00fcr Ihre Feier?<\/strong><\/p>\n\n\n\n<p>Mit hochzeit.dj treffen Sie genau die richtige Wahl f\u00fcr Ihre Hochzeit.<\/p>\n\n\n\n<p>Unser Hochzeits DJ -Team besteht ausschlie\u00dflich aus langj\u00e4hrig erfahrenen und handverlesenen DJs, die Ihr Handwerk perfekt verstehen. Denn nur mit dem notwendigen Fingerspitzengef\u00fchl und der F\u00e4higkeit die G\u00e4ste zu \u201clesen\u201d, kann im richtigen Moment die richtige Musik gespielt werden, damit Ihre Hochzeitsfeier zu einem unvergesslichen Erlebnis wird. Ihre Musikw\u00fcnsche werden selbstverst\u00e4ndlich erf\u00fcllt.<\/p>\n\n\n\n<p>Neben der perfekten musikalischen Ausgestaltung Ihrer Feier achten wir stets darauf, dass auch der optische Auftritt einen bleibenden positiven Eindruck hinterl\u00e4sst. Denn schlie\u00dflich soll das Gesamtpaket an Ihrem Hochzeitstag zu einem einzigartigen Ereignis werden.<\/p>\n\n\n\n<p>Ihr Hochzeits DJ wird Ihnen&nbsp;dabei von Anfang an pers\u00f6nlich zur Seite stehen und Sie fachkundig beraten.<\/p>\n\n\n\n<p>Vertrauen Sie auf die Kompetenz unserer Hochzeits DJs und freuen Sie sich auf einen perfekten Hochzeitstag.<\/p>\n\n\n\n<p><\/p>\n","protected":false},"excerpt":{"rendered":"<p>Sie suchen einen passenden Hochzeits DJ f\u00fcr Ihre Feier? Mit hochzeit.dj treffen Sie genau die richtige Wahl f\u00fcr Ihre Hochzeit. Unser Hochzeits DJ -Team besteht ausschlie\u00dflich aus langj\u00e4hrig erfahrenen und handverlesenen DJs, die Ihr Handwerk perfekt verstehen. Denn nur mit dem notwendigen Fingerspitzengef\u00fchl und der F\u00e4higkeit die G\u00e4ste zu \u201clesen\u201d, kann im richtigen Moment die &hellip; <\/p>\n<p class=\"link-more\"><a href=\"https:\/\/hochzeit.dj\/\" class=\"more-link\"><span class=\"screen-reader-text\">\u201eHochzeits DJ\u201c <\/span>weiterlesen<\/a><\/p>\n","protected":false},"author":1,"featured_media":0,"parent":0,"menu_order":0,"comment_status":"closed","ping_status":"closed","template":"","meta":{"footnotes":""},"class_list":["post-8","page","type-page","status-publish","hentry"],"_links":{"self":[{"href":"https:\/\/hochzeit.dj\/index.php\/wp-json\/wp\/v2\/pages\/8","targetHints":{"allow":["GET"]}}],"collection":[{"href":"https:\/\/hochzeit.dj\/index.php\/wp-json\/wp\/v2\/pages"}],"about":[{"href":"https:\/\/hochzeit.dj\/index.php\/wp-json\/wp\/v2\/types\/page"}],"author":[{"embeddable":true,"href":"https:\/\/hochzeit.dj\/index.php\/wp-json\/wp\/v2\/users\/1"}],"replies":[{"embeddable":true,"href":"https:\/\/hochzeit.dj\/index.php\/wp-json\/wp\/v2\/comments?post=8"}],"version-history":[{"count":3,"href":"https:\/\/hochzeit.dj\/index.php\/wp-json\/wp\/v2\/pages\/8\/revisions"}],"predecessor-version":[{"id":41,"href":"https:\/\/hochzeit.dj\/index.php\/wp-json\/wp\/v2\/pages\/8\/revisions\/41"}],"wp:attachment":[{"href":"https:\/\/hochzeit.dj\/index.php\/wp-json\/wp\/v2\/media?parent=8"}],"curies":[{"name":"wp","href":"https:\/\/api.w.org\/{rel}","templated":true}]}}